{"id":140,"date":"2026-01-24T00:57:20","date_gmt":"2026-01-23T23:57:20","guid":{"rendered":"https:\/\/kiku-verein.de\/?page_id=140"},"modified":"2026-01-24T00:57:20","modified_gmt":"2026-01-23T23:57:20","slug":"aktuelles","status":"publish","type":"page","link":"http:\/\/kiku-verein.de\/main\/aktuelles\/","title":{"rendered":"Aktuelles"},"content":{"rendered":"\n<p>Beim <strong>KiKu \u2013 Verein f\u00fcr Kino und Kultur Rheingau-Taunus e. V.<\/strong> tut sich einiges.<\/p>\n\n\n\n<p>Derzeit arbeiten wir intensiv an der Planung des <strong>Open-Air-Kinojubil\u00e4ums 2026<\/strong>, mit dem wir <strong>100 Jahre Kinogeschichte in Bad Schwalbach<\/strong> feiern m\u00f6chten. Geplant ist ein mehrt\u00e4giges Open-Air-Kinofestival im Kurpark mit Filmklassikern, Konzerten, Comedy sowie einem besonderen Kinder- und Familienprogramm.<\/p>\n\n\n\n<p>Parallel dazu entwickeln wir neue <strong>Film- und Gespr\u00e4chsformate<\/strong>, die bewusst auch an <strong>Ruhetagen des Kinos<\/strong> stattfinden und dort ansetzen, wo ein regul\u00e4rer Kinobetrieb aus wirtschaftlichen Gr\u00fcnden an seine Grenzen st\u00f6\u00dft. Ziel ist es, Kino als Ort des Austauschs, der Information und der Begegnung weiter zu st\u00e4rken.<\/p>\n\n\n\n<p>Ein Beispiel daf\u00fcr ist unser <strong>Kinoabend mit Diskussion am 18. M\u00e4rz 2026<\/strong> unter dem Titel<br><strong>\u201eLebensmittel retten, Welt ver\u00e4ndern? \u2013 Globale Zusammenh\u00e4nge von Konsum und Verschwendung\u201c<\/strong>, bei dem wir Film und gesellschaftliches Gespr\u00e4ch miteinander verbinden.<\/p>\n\n\n\n<p>Dar\u00fcber hinaus ist eine <strong>Pr\u00e4senz des Vereins bei st\u00e4dtischen Veranstaltungen<\/strong> wie dem Martini-Markt und dem Weihnachtsmarkt geplant, um Kulturarbeit auch au\u00dferhalb des Kinosaals sichtbar zu machen.<\/p>\n\n\n\n<p>\u00dcber konkrete Termine, Kooperationen und neue Veranstaltungen informieren wir hier fortlaufend.<\/p>\n","protected":false},"excerpt":{"rendered":"<p>Beim KiKu \u2013 Verein f\u00fcr Kino und Kultur Rheingau-Taunus e. V. tut sich einiges. Derzeit arbeiten wir intensiv an der Planung des Open-Air-Kinojubil\u00e4ums 2026, mit dem wir 100 Jahre Kinogeschichte in Bad Schwalbach feiern m\u00f6chten. Geplant ist ein mehrt\u00e4giges Open-Air-Kinofestival im Kurpark mit Filmklassikern, Konzerten, Comedy sowie einem besonderen Kinder- und Familienprogramm. Parallel dazu entwickeln [&hellip;]<\/p>\n","protected":false},"author":1,"featured_media":0,"parent":0,"menu_order":0,"comment_status":"closed","ping_status":"closed","template":"","meta":{"footnotes":""},"class_list":["post-140","page","type-page","status-publish","hentry","entry"],"_links":{"self":[{"href":"http:\/\/kiku-verein.de\/main\/wp-json\/wp\/v2\/pages\/140","targetHints":{"allow":["GET"]}}],"collection":[{"href":"http:\/\/kiku-verein.de\/main\/wp-json\/wp\/v2\/pages"}],"about":[{"href":"http:\/\/kiku-verein.de\/main\/wp-json\/wp\/v2\/types\/page"}],"author":[{"embeddable":true,"href":"http:\/\/kiku-verein.de\/main\/wp-json\/wp\/v2\/users\/1"}],"replies":[{"embeddable":true,"href":"http:\/\/kiku-verein.de\/main\/wp-json\/wp\/v2\/comments?post=140"}],"version-history":[{"count":1,"href":"http:\/\/kiku-verein.de\/main\/wp-json\/wp\/v2\/pages\/140\/revisions"}],"predecessor-version":[{"id":141,"href":"http:\/\/kiku-verein.de\/main\/wp-json\/wp\/v2\/pages\/140\/revisions\/141"}],"wp:attachment":[{"href":"http:\/\/kiku-verein.de\/main\/wp-json\/wp\/v2\/media?parent=140"}],"curies":[{"name":"wp","href":"https:\/\/api.w.org\/{rel}","templated":true}]}}