{"id":2,"date":"2025-12-16T13:58:53","date_gmt":"2025-12-16T12:58:53","guid":{"rendered":"http:\/\/kiku.kino-swa.de\/?page_id=2"},"modified":"2026-04-21T17:56:18","modified_gmt":"2026-04-21T15:56:18","slug":"vorstand","status":"publish","type":"page","link":"http:\/\/kiku-verein.de\/main\/vorstand\/","title":{"rendered":"Der Vorstand"},"content":{"rendered":"<div class=\"wp-block-image\">\r\n<figure class=\"aligncenter size-large is-resized\"><img loading=\"lazy\" decoding=\"async\" class=\"alignnone wp-image-10 size-large\" src=\"http:\/\/kiku-verein.de\/main\/wp-content\/uploads\/2025\/12\/KiKu-Vorstand-e1765891386981.png\" alt=\"\" width=\"1024\" height=\"541\" \/><br \/>\r\n<figcaption class=\"wp-element-caption\">(v. l. n. r.)<strong>:<\/strong>\u00a0Fabian Kara, Andr\u00e9 R\u00f6\u00dfler, Ismene Huber, Christian D\u00e4mgen, Martina Ludwig, Bj\u00f6rn Huber, Madita M\u00fcller, Kai Scharinger<\/figcaption>\r\n<\/figure>\r\n<\/div>\r\n\r\n\r\n<p>&nbsp;<\/p>\r\n","protected":false},"excerpt":{"rendered":"<p>&nbsp;<\/p>\n","protected":false},"author":1,"featured_media":0,"parent":0,"menu_order":0,"comment_status":"closed","ping_status":"open","template":"","meta":{"footnotes":""},"class_list":["post-2","page","type-page","status-publish","hentry","entry"],"_links":{"self":[{"href":"http:\/\/kiku-verein.de\/main\/wp-json\/wp\/v2\/pages\/2","targetHints":{"allow":["GET"]}}],"collection":[{"href":"http:\/\/kiku-verein.de\/main\/wp-json\/wp\/v2\/pages"}],"about":[{"href":"http:\/\/kiku-verein.de\/main\/wp-json\/wp\/v2\/types\/page"}],"author":[{"embeddable":true,"href":"http:\/\/kiku-verein.de\/main\/wp-json\/wp\/v2\/users\/1"}],"replies":[{"embeddable":true,"href":"http:\/\/kiku-verein.de\/main\/wp-json\/wp\/v2\/comments?post=2"}],"version-history":[{"count":12,"href":"http:\/\/kiku-verein.de\/main\/wp-json\/wp\/v2\/pages\/2\/revisions"}],"predecessor-version":[{"id":243,"href":"http:\/\/kiku-verein.de\/main\/wp-json\/wp\/v2\/pages\/2\/revisions\/243"}],"wp:attachment":[{"href":"http:\/\/kiku-verein.de\/main\/wp-json\/wp\/v2\/media?parent=2"}],"curies":[{"name":"wp","href":"https:\/\/api.w.org\/{rel}","templated":true}]}}